1*(-55)/(-22). What is the highest common divisor of t and 28?
28
Suppose 0 = -a - 2*a + 120. What is the highest common factor of 10 and a?
10
Let l(s) = s + 12. Let f be l(-7). Calculate the greatest common factor of 5 and f.
5
Let j = -5 + 77. Let t = 5 + -2. Suppose -t*z - z = -32. Calculate the highest common factor of z and j.
8
Suppose 0 = 4*l + 4*o - 88, 0 = o - 2*o + 1. What is the greatest common factor of l and 6?
3
Suppose 1 = -c + 6. Let k = 11 + c. Let l(n) = n**2 - n + 6. Let h be l(-6). What is the highest common divisor of h and k?
16
Let q be (-4)/22 + (-192)/(-88). Suppose 0 = -l - q*l + 24. Calculate the highest common factor of 4 and l.
4
Let g be (-4)/(-6) - (-58)/(-6). Let u be (-673)/(-9) + (-2)/g. Suppose 3*z = 3*f + 44 - 5, 5*z = 4*f + 67. Calculate the greatest common divisor of u and z.
15
Let w be 2/10 - (-1 - 239/5). Suppose 3*c = -0*c + 3*s + 12, 5*c - 44 = -3*s. Calculate the highest common factor of w and c.
7
Let r(l) = 7*l + 2. Let f be r(4). Let v(h) = h**2 - 2*h - 3. Let i(w) = w - 3. Let n be i(0). Let g be v(n). Calculate the greatest common factor of f and g.
6
Let y(j) = -j**3 - j**2 + 6*j - 4. Let g be y(-5). Suppose 3*l + 7*i - 3*i - 50 = 0, 3*l - 3*i - 78 = 0. Calculate the greatest common divisor of l and g.
22
Suppose s = -2*s + 5*n + 255, 4*s + n = 317. Let r = 66 - 34. What is the greatest common divisor of s and r?
16
Let l be 0 + (-2 - -4) + 11. What is the highest common divisor of l and 104?
13
Suppose 4*r - 28 = -6*l + l, 5*r - 52 = -2*l. Calculate the greatest common factor of 84 and r.
12
Let m = -10 + 11. What is the highest common divisor of 1 and m?
1
Let y = 4 + 0. Let o = 7 + -5. Suppose -3*g = -3*m + 48, -o*g + 35 + 5 = y*m. What is the greatest common divisor of m and 96?
12
Let a = 76 - 14. Let x be a/8 - 4/(-16). What is the highest common divisor of x and 56?
8
Let d be (-2*3)/(0 + 1). Let h be (-1 - 0)/(1/d). Let j be 2/4*(137 + -5). What is the highest common factor of h and j?
6
Suppose 4*o + 5*y + 51 = -0*o, 90 = -5*o - y. Let r = o + 67. Calculate the greatest common divisor of r and 32.
16
Let c(r) = r**2 - 13*r - 29. Let q be c(17). Calculate the greatest common factor of q and 13.
13
Let o be (-21)/(-1) - (-7)/7. Suppose -c = 3*k - 200, c = 3*c - 4. What is the highest common divisor of k and o?
22
Suppose -61 = -4*d - 5. Let a = -150 + 262. What is the greatest common divisor of d and a?
14
Suppose -4*p + 4*j - 3*j = 21, -5*p - 15 = j. Let v = p - -6. Suppose -3*h + 11 = t, -10*t + 5*t = -3*h - 19. Calculate the greatest common factor of v and h.
2
Suppose -30 = -2*g - 3*g. Let l(k) = 2*k**2 + k + 3. Let v be l(g). What is the highest common divisor of 9 and v?
9
Let g(z) = z**3 - 3*z + 4. Let w be g(4). Suppose -2*l + s + 32 = 0, 2*s = 6*l - l - 78. What is the highest common factor of l and w?
14
Suppose 0 = 8*i - 3*i - 60. What is the greatest common factor of i and 3?
3
Let y(j) = j**2 - 5*j - 2. Let k(a) = -a**2 + 6*a - 2. Let n be k(4). Let t be y(n). What is the highest common factor of t and 36?
4
Suppose -2*o + 122 + 60 = 0. Suppose -m + o + 9 = 0. Let l(d) = -d**2 + 5*d + 4. Let f be l(3). Calculate the greatest common factor of f and m.
10
Let a(u) = u**3 - 10*u**2 + 10*u - 7. Let v be a(9). Suppose -3*i + 30 = -v*b - 13, 4*i - b - 49 = 0. Calculate the highest common factor of i and 22.
11
Let l(k) = -k**3 - 19*k**2 - 2*k + 4. Let v be l(-19). Calculate the highest common divisor of v and 462.
42
Let g be (-4)/(-8)*(-3 + 1). Let r be 1*1/(g/(-24)). What is the greatest common divisor of 16 and r?
8
Suppose -138 - 39 = -2*j + 3*g, 0 = -3*j + 2*g + 278. What is the greatest common divisor of j and 6?
6
Suppose -405 = -6*o - 45. What is the greatest common factor of o and 15?
15
Let l be 16/10*35/14. Suppose l = -3*b + 4*b. What is the greatest common divisor of 36 and b?
4
Let z = -20 - -32. Let x be 60/(-9)*z/(-10). Let p = -1 + 2. Calculate the highest common divisor of x and p.
1
Let w be (3 + -4)*(1 - 1). Let b be (24/(w + 3))/1. Let g = b - 5. What is the highest common factor of 2 and g?
1
Suppose -4*i = -4*z, -2*i - z = 20 - 8. Let j be 2*(-2)/i*15. Suppose 2*g - 20 = -0*g. Calculate the highest common divisor of j and g.
5
Let k be 88/(-36)*-42 - (-12)/9. Calculate the greatest common factor of k and 13.
13
Let x(l) = -2*l**2 - 26*l - 11. Let r be x(-10). What is the highest common factor of r and 7?
7
Let u be -3*(-10)/105 + (-626)/(-14). Calculate the highest common divisor of u and 18.
9
Suppose 0 = 2*y - 119 + 43. Calculate the highest common factor of y and 57.
19
Let m(k) = -k + 11. Let t be m(6). Suppose -2*g + 4*c - 3*c + t = 0, -4*g + 3*c = -11. Calculate the greatest common factor of g and 4.
2
Let c = -17 - -25. Calculate the greatest common divisor of 8 and c.
8
Let o = 325 - 217. Let s be 0 + 2*5 + -4 + 6. Calculate the highest common factor of s and o.
12
Let t be -37 + (-1 - -4)/3. Let q = t - -52. What is the highest common divisor of q and 128?
16
Let m(u) = -u**3 + 20*u**2 + 22*u + 18. Let j be m(21). Let n = -23 - -56. Let k = -20 + n. What is the highest common factor of k and j?
13
Let a = -176 - -261. Calculate the highest common factor of 17 and a.
17
Let r = 27 + -59. Let u = r - -54. What is the greatest common divisor of u and 110?
22
Suppose -3*d + u = -u - 1, 0 = d + 4*u - 19. What is the highest common factor of 48 and d?
3
Let q(f) = 4*f**3 - 2*f - 2. Let o be q(3). Suppose 5*d + 3*l = o + 59, -3*d + 93 = 3*l. What is the greatest common divisor of d and 3?
3
Let y = -40 - -17. Let q = y - -36. Let t = 171 + -67. What is the highest common divisor of q and t?
13
Let r be (-31 - 159)*(2/2)/(-2). Let n be (-1 - -2)*-1 - -20. Calculate the highest common divisor of r and n.
19
Suppose -q = -4*z + 7, -q - 2*q + 9 = 3*z. Calculate the greatest common divisor of 1 and z.
1
Let g(t) = -5*t - t**2 - 6*t + 4*t + 0*t**2. Let n be g(-5). What is the highest common divisor of n and 60?
10
Let g(k) = 2*k**2 - 4*k. Let i be g(3). Suppose 2*m + c - 60 = -3*c, 93 = 4*m - c. Calculate the highest common divisor of m and i.
6
Let v(k) = 29*k**2 + 4*k + 4. Let i(g) = g + 2. Let r be i(-5). Let w be v(r). Let q be 42/2 + 3 + -1. What is the greatest common divisor of q and w?
23
Suppose 3*h - 3 = 69. Let a = -1 - 4. Let p be (6/(-10))/(1/a). Calculate the highest common divisor of h and p.
3
Suppose 0 = -2*c - 4*c + 30. Calculate the highest common divisor of c and 15.
5
Let z(r) = r**3 + 5*r**2 + r - 3. Let t be z(-4). What is the greatest common divisor of t and 9?
9
Suppose -3*u = -15, 2*c - 5*u = -0*u - 21. Suppose -5*y - 10 = 3*p, 0*p = -c*p + 5*y + 35. Calculate the highest common factor of p and 20.
5
Let z = -7 - -37. Suppose 5*d - 3*d = -8. Let k(h) = -h**3 - 4*h**2 - 2*h + 4. Let a be k(d). What is the greatest common factor of a and z?
6
Let p(s) = -17*s - 18. Let z be p(-3). What is the highest common factor of z and 11?
11
Let o(r) = r + 1. Let y be o(0). Let k = y + 3. Suppose 5*v + 2*n = 16, -v - k*n = -6*v + 28. Calculate the greatest common divisor of v and 36.
4
Let l(x) = -9*x + 2. Let u be l(9). Let z = u - -139. Suppose -184 + 64 = -5*m. Calculate the highest common divisor of z and m.
12
Suppose -3*f + 56 = -5*j, -7 = -4*j + 1. Calculate the highest common factor of f and 154.
22
Suppose 5 = 4*d + 37. Suppose 0*z - 4*c = -3*z + 60, 77 = 5*z + c. Let s = d + z. What is the greatest common factor of s and 40?
8
Let q be 38/9 - 16/72. Suppose 66 = 2*m - 3*p, -5*m + 94 + 82 = -2*p. Calculate the highest common factor of q and m.
4
Suppose 0 = -17*a + 9*a + 128. What is the greatest common factor of 2 and a?
2
Let r = -24 + 39. Suppose 2*w - 209 + 695 = 4*m, -2*m - 4*w + 228 = 0. What is the highest common divisor of r and m?
15
Suppose -284 = 12*d - 3248. Calculate the greatest common factor of 13 and d.
13
Suppose -4*z + 0 = -40. Calculate the greatest common factor of 50 and z.
10
Suppose 0*z + 108 = 4*z. Calculate the highest common factor of z and 81.
27
Let a be 3/(-9) + 8/6. Let k be -1*a*(0 - 13). Calculate the highest common factor of k and 13.
13
Suppose -9*s - 3*s + 1188 = 0. Calculate the highest common divisor of 11 and s.
11
Let z(i) = 3*i + 11. Let c be z(8). Calculate the greatest common divisor of c and 1